 k = 5*k + i + 37, 0 = b*k + 4*i + 49. Is 7 a factor of 3*(0 + (-42)/k)?
True
Does 11 divide -62*(-13)/((-208)/(-264))?
True
Let j = -6 + 1. Let n = j + 9. Suppose 3*r + 0*r - 313 = -n*u, 3*u + 2*r - 235 = 0. Is u a multiple of 21?
False
Suppose -2*m + 3*d - 9 = 0, d - 15 = 4*m - 4*d. Is 0 + m/(-2) + 18 a multiple of 5?
False
Suppose 6*a + 2*p - 140 = 7*a, -3*a + p = 400. Let o = -83 - a. Does 21 divide o?
False
Does 49 divide ((-3185)/26)/((-1)/(-30)*-3)?
True
Suppose 0 = -5*l + l + 12. Suppose l*c - 45 = 2*o - 7*o, c - 1 = 3*o. Let x = 46 - c. Is x a multiple of 18?
True
Is -15 + 11 - -1077*1 a multiple of 37?
True
Let w be (-30)/(-4) + 5/(-10). Suppose -w = -5*v + 8. Suppose -v*x + 81 = -102. Is 18 a factor of x?
False
Is 11 a factor of (-1 - (-18)/36)/(1/(-3080))?
True
Let v(h) = 7*h - 10. Suppose 0 = -4*n + p + 30, -3*p + 39 + 7 = 5*n. Let d be v(n). Suppose 0 = 5*l + 1 - d. Is 2 a factor of l?
False
Let o = 19 - 18. Is 1/4 - (-1595)/20*o a multiple of 20?
True
Suppose 50*i + 56*i - 240408 = 0. Does 63 divide i?
True
Let t(i) = 3*i - 2. Let q be t(2). Let d(o) be the third derivative of o**5/30 + o**4/12 + 4*o**3/3 + 83*o**2. Is 16 a factor of d(q)?
True
Let l(o) = -5*o - 4. Let k be l(-5). Suppose 0 = w - k + 16. Suppose 235 + 96 = 5*a - y, -w*y = 5. Does 11 divide a?
True
Suppose -2*t + u = -944 - 803, -2*t + 5*u + 1751 = 0. Is 11 a factor of t?
False
Let a be (1 - -14)*(-6)/(-6). Let x be (-2)/(-4)*(a + -1). Is 2 a factor of 3/9*(x - 1)?
True
Let p(w) = 13 + 5*w - 4*w - 3 + 1. Is 2 a factor of p(-6)?
False
Let m(t) = 2*t**2 + 7*t - 8. Let o be m(4). Suppose u + 3*u = -o. Does 13 divide 1/(-4)*u*8?
True
Suppose 8*p - 3*p - 10 = 0. Let w be (10 - p)/4 + 12. Let d = 50 + w. Does 32 divide d?
True
Let d(g) = 37*g**2 - 2*g + 2. Let m be d(1). Let y = -25 + m. Is 4 a factor of y?
True
Suppose -o - 2*h = -6*h - 6, -5*o - 8 = -h. Let w(b) = 5*b**2 + 2*b - 1. Is 15 a factor of w(o)?
True
Let x be 1 + (103 - (4 + -1)) + 3. Suppose x = 3*r + 20. Is r a multiple of 4?
True
Suppose 64 = -3*k + 1435. Is 3 a factor of k?
False
Let v(i) = i**3 - 9*i**2 + 6*i + 6. Suppose 0 = 2*q + 3*f - 36 + 9, 42 = 5*q - f. Is 20 a factor of v(q)?
True
Let n be 8/(-5) + 2/(-5). Let a = 72 - 48. Let m = a + n. Is 11 a factor of m?
True
Suppose -k - 4*k - 5*q = -35, 2*q = 2*k - 6. Suppose 2*p + 2*p + k*m - 401 = 0, 3*m = 15. Does 47 divide p?
True
Suppose 3*i = 8*i. Suppose i = -o - o + 128. Is 32 a factor of o?
True
Let i(b) = b**2 - 9*b + 15. Let d be i(11). Let q = d - 1. Is 18 a factor of q?
True
Let k be -2 - -21 - (-2 + 1). Suppose s + k = 50. Let t = -11 + s. Does 9 divide t?
False
Let n = 1311 - 175. Does 76 divide n?
False
Let y be 0/(30/(-5) - -3). Suppose y = -0*t - 5*t + j + 27, -4*t + 2*j = -18. Does 4 divide t?
False
Let d(j) = -j**3 + 20*j**2 - 37*j + 23. Is 20 a factor of d(16)?
False
Let c be 2 + -4 + 6/3. Suppose c = 2*v - 70 - 16. Let x = -13 + v. Is 10 a factor of x?
True
Let h = -74 + 74. Suppose 0 = -2*z + 4*o + 19 + 303, h = 2*o - 8. Is 13 a factor of z?
True
Suppose -2*f = -4*o - 4164, 13*f - 10421 = 8*f - o. Is f a multiple of 14?
False
Let w(s) = s**3 + 11*s**2 + 8*s. Let a be w(-10). Suppose 0 = -0*v + 4*v - a. Suppose 20 = 2*c - 2*z, -v*z + z + 15 = c. Is c a multiple of 11?
True
Is (-6)/(-24)*-4 - -3597 a multiple of 58?
True
Suppose -70*w + 67*w = -459. Suppose 1213 = 4*g + w. Does 53 divide g?
True
Suppose p = -4*b - 50 + 1119, 2*b + 4*p - 538 = 0. Suppose 123 = -5*q - b. Let m = q + 144. Is m a multiple of 22?
True
Let r = 55 + 307. Is r a multiple of 84?
False
Suppose 70 = c + 3*h, c + 4*h + 1 = 73. Suppose 5*m + 4 + 28 = b, -2*b - m = -c. Is 7 a factor of b?
False
Suppose -9*w + 35 = -10. Does 2 divide 1/(-3) + ((-325)/(-15))/w?
True
Suppose 0 = 3*f - 81 + 87, 4*p - 6418 = -3*f. Is p a multiple of 97?
False
Let x(m) = -m**3 - 9*m**2 + m - 8. Let t be x(-10). Suppose 2*o - w = 74, -t = -2*o + 5*w - 0*w. Is 33 a factor of o?
False
Let i(h) = -h**3 + h**2 - 1. Let m(p) = -2*p**3 + 5*p**2 - 2*p + 54. Let j(t) = -4*i(t) + m(t). Is 29 a factor of j(0)?
True
Let l(j) be the second derivative of j**3/3 + 3*j**2/2 - 2*j. Let d be l(5). Suppose d = 3*o - 53. Is o a multiple of 22?
True
Let v = 42 - 34. Is 17 a factor of (v/(-10))/(4/(-590))?
False
Let s be 4 - (-4)/(4 - 0). Let g(m) = 15*m - 19. Is g(s) a multiple of 14?
True
Suppose 38*x - 33*x = -5, -2*c = 4*x - 1856. Is 30 a factor of c?
True
Let m = -2464 - -3441. Is 6 a factor of m?
False
Let k(m) = 3*m**2 - 5*m + 7. Suppose -17 = 2*g - z, 0 = -5*g - z - 36 + 4. Does 9 divide k(g)?
True
Suppose 0*l = -l + y + 661, -1959 = -3*l - 5*y. Does 7 divide l?
True
Suppose -5*h = -3*v - 7, -5*h + 0*h - v = -11. Suppose -2*z + h*i = 3 + 3, i = 3. Let r(p) = -p + 12. Is 12 a factor of r(z)?
True
Suppose 19536 = -91*z + 165591. Does 4 divide z?
False
Suppose -2*v + 981 = 3*z, -z = 3*v - 951 - 531. Is 47 a factor of v?
False
Let d be -22*(1 - 7/2). Let c = 548 - 583. Let w = d + c. Is 10 a factor of w?
True
Suppose 15*t = 13*t - 4*g + 858, -420 = -t + g. Is t a multiple of 47?
True
Let o = 163 - 33. Does 20 divide o?
False
Let m be (-5)/(-10)*0/3. Suppose -4*d + 4*y - 34 - 6 = m, 5*d + 3*y + 82 = 0. Does 16 divide 4/d - (-387)/7?
False
Let x = 1782 + -602. Does 70 divide x?
False
Let y be -3 - 237 - 6/(-6). Let n = y + 356. Let j = 224 - n. Is 32 a factor of j?
False
Let g = 581 + -350. Is g a multiple of 7?
True
Suppose -3*a + 4801 = 4*b, 5*a - 436 = b - 1642. Is 18 a factor of b?
False
Let a(z) = 9*z + 7. Let q(p) = -4*p - 3. Let r(d) = 2*a(d) + 5*q(d). Let s be r(-3). Suppose -3*u + s*u = 30. Is u a multiple of 8?
False
Suppose 13*m + 4*a = 16*m - 3994, a - 6626 = -5*m. Is 43 a factor of m?
False
Let i(q) = 13*q + 73. Is 6 a factor of i(11)?
True
Suppose 27 = -52*l + 55*l. Suppose -l*x + 12 = -8*x. Does 6 divide x?
True
Let r be -59 + -2 + -2 + 2. Let a = r - -103. Is 21 a factor of a?
True
Let l(p) = p**3 + 7*p**2 + 3*p + 31. Let z(s) = 2*s**3 + 7*s**2 + 2*s + 32. Let q(b) = -3*l(b) + 2*z(b). Is 8 a factor of q(9)?
True
Let m(k) = -k**2 - 2*k + 433. Does 14 divide m(0)?
False
Suppose 6*g - 3*g - 36 = 0. Is (-20)/g*-16*3 a multiple of 20?
True
Suppose -11*t + 1013 = -8*t - 4*m, 5*t + 5*m = 1735. Is 43 a factor of t?
False
Let f(o) = o**3 - 2*o**3 + o + 0*o**3 + 0*o + 9. Let a be f(0). Let t(r) = 4*r + 12. Is 24 a factor of t(a)?
True
Let n(t) = -t**3 - 8*t**2 + t + 10. Let q(j) = 2*j**3 + 15*j**2 - 2*j - 21. Let o(y) = -13*n(y) - 6*q(y). Suppose 14 = -2*g + g. Does 3 divide o(g)?
False
Suppose -13 + 31 = -9*i. Is 23 a factor of (-364)/(-1) + i*(-5)/(-5)?
False
Suppose 0 = -5*g + g + 5*i + 6395, 0 = -2*g + 4*i + 3190. Is g a multiple of 20?
False
Suppose 2*b = 4*c - 22, -17 = c + 6*b - 2*b. Suppose c*q = 4*q + 33. Is 4 - (-4 + (q - -4)) a multiple of 20?
False
Suppose 3*j = -5*q + 4 + 11, -q - j = -5. Suppose 0*i + i - 47 = q. Suppose 0 = 3*m + i - 191. Does 12 divide m?
True
Let f be (-72)/16*(-16)/3. Let j = 11 + f. Does 7 divide j?
True
Let w(d) = 26*d**3 - 5*d**2 - 3. Let b be w(3). Let l = b + -381. Does 21 divide l?
True
Is (-2*(-6)/9)/((-36)/(-9720)) a multiple of 5?
True
Suppose -5490 = -5*o - 5*l, 2267 + 3215 = 5*o - 3*l. Is 12 a factor of o?
False
Suppose 3*d - 10*d + 14 = 0. Suppose -3*l + 0*l + 42 = 3*p, -d*p = 3*l - 42. Is l a multiple of 14?
True
Suppose -27 = -2*r - 9. Let l = -10 + r. Is 32 + -1 - (-1 + l) a multiple of 9?
False
Let d(s) = -3*s**3 - 5*s**2 + 3*s + 2. Let k be d(-4). Suppose 5*i + 12 = x, k = 4*x + 2*i + 32. Let r = 32 - x. Is r a multiple of 15?
True
Suppose 0 = 3*r - 3*s + 8 - 35, -r - 6 = 4*s. Let w(d) = 2*d - 9. Let k be w(r). Is (-1)/((k/(-51))/1) a multiple of 5?
False
Let y be (-8)/40 - (-52)/10. Suppose y*q - 6 = -2*x, 4*q - 3*q = 0. Suppose -2*w - x*w + 15 = 0. Is 2 a factor of w?
False
Is (52/(-8))/(18/(-1368)) a multiple of 38?
True
Is 43 a factor of 4/18 + 510/135 + 289?
False
Suppose -z - 221 = 4*s, s - 3*z - 1 + 40 = 0. Let p = s + 79. Is 16 a factor of p?
False
Let b(v) = -v**2 + 5*v - 4. Let j be b(3). Suppose 2*n + 4*m = 36, 2*m - 22 = -n - j*m. Let s = n + -6. Is 8 a factor of s?
True
Is 6 + (-6 - -279) + -4 a multiple of 4?
False
Suppose 1051 = 5*i + 5*q - 3364, 0 = 3*q - 12. Does 35 divide i?
False
Let p(g) = -3*g + 43. Let x(t) = 2*t - 22. Let w